4509
What are the prime factors of 51202332?
2, 3, 1422287
List the prime factors of 204986342.
2, 11, 847051
List the prime factors of 954741808.
2, 59671363
List the prime factors of 404374010.
2, 5, 73, 359, 1543
List the prime factors of 402265113.
3, 73, 1836827
List the prime factors of 128588676.
2, 3, 23, 465901
What are the prime factors of 6541601?
11, 47, 12653
List the prime factors of 40157959.
40157959
List the prime factors of 199025227.
199025227
List the prime factors of 35637446.
2, 13, 41, 101, 331
What are the prime factors of 122962057?
122962057
What are the prime factors of 841467913?
11, 13, 601, 9791
What are the prime factors of 23537119?
23, 1023353
What are the prime factors of 227628506?
2, 7, 16259179
What are the prime factors of 802891160?
2, 5, 151, 132929
List the prime factors of 71117544.
2, 3, 2963231
List the prime factors of 44966957.
7, 31, 4229
List the prime factors of 109715061.
3, 47, 778121
What are the prime factors of 577971606?
2, 3, 653, 147517
List the prime factors of 1161218437.
491, 2365007
What are the prime factors of 5500192?
2, 171881
What are the prime factors of 772474056?
2, 3, 32186419
List the prime factors of 1955420900.
2, 5, 23, 47, 18089
List the prime factors of 381960914.
2, 19, 29, 346607
What are the prime factors of 2725577858?
2, 30931, 44059
List the prime factors of 216719357.
31, 79, 88493
What are the prime factors of 633698289?
3, 7, 3352901
What are the prime factors of 1874369828?
2, 37, 43, 383, 769
List the prime factors of 150557650.
2, 5, 1579, 1907
What are the prime factors of 80050475?
5, 3202019
What are the prime factors of 374818772?
2, 131, 715303
What are the prime factors of 814424628?
2, 3, 1277, 53147
List the prime factors of 215856539.
215856539
List the prime factors of 96241405.
5, 13, 83, 17839
List the prime factors of 508858380.
2, 3, 5, 19, 41, 191
What are the prime factors of 134628548?
2, 33657137
What are the prime factors of 551544874?
2, 41, 6726157
What are the prime factors of 26320869?
3, 324949
List the prime factors of 88813352.
2, 11101669
What are the prime factors of 212958164?
2, 53239541
What are the prime factors of 1724578355?
5, 313, 1101967
What are the prime factors of 52117248?
2, 3, 79, 859
List the prime factors of 62755975.
5, 53, 47363
List the prime factors of 14214480.
2, 3, 5, 7, 8461
List the prime factors of 35006010.
2, 3, 5, 13, 89759
What are the prime factors of 650454020?
2, 5, 3769, 8629
What are the prime factors of 8404028676?
2, 3, 17, 59, 13691
What are the prime factors of 588401230?
2, 5, 53, 20947
List the prime factors of 356659617.
3, 118886539
List the prime factors of 105214980.
2, 3, 5, 13, 43, 3137
List the prime factors of 2422108150.
2, 5, 7, 11, 17, 23, 1609
List the prime factors of 178644490.
2, 5, 17864449
List the prime factors of 324844830.
2, 3, 5, 37, 3613
What are the prime factors of 82970096?
2, 11, 197, 2393
What are the prime factors of 816634014?
2, 3, 7, 19443667
List the prime factors of 2935351.
29, 127, 797
List the prime factors of 37959634.
2, 18979817
What are the prime factors of 94818627?
3, 23, 179, 853
What are the prime factors of 1303787456?
2, 131, 155509
List the prime factors of 470744416.
2, 17, 865339
List the prime factors of 932618791.
13, 47, 1526381
List the prime factors of 4177066220.
2, 5, 208853311
What are the prime factors of 1789438510?
2, 5, 178943851
What are the prime factors of 69881411?
19, 229, 16061
List the prime factors of 3630129704.
2, 453766213
List the prime factors of 133044828.
2, 3, 7, 1583867
What are the prime factors of 400686750?
2, 3, 5, 47, 421
List the prime factors of 305590038.
2, 3, 13, 313, 12517
List the prime factors of 160924037.
160924037
List the prime factors of 34604738.
2, 7, 19, 41, 167
List the prime factors of 56411167.
691, 81637
What are the prime factors of 1265470716?
2, 3, 31, 251, 13553
List the prime factors of 2082417232.
2, 7, 269, 69119
List the prime factors of 1670812498.
2, 101, 541, 15289
List the prime factors of 8059191650.
2, 5, 41, 97, 40529
What are the prime factors of 300472294?
2, 150236147
What are the prime factors of 4519683244?
2, 3251, 347561
What are the prime factors of 1317208010?
2, 5, 89, 953, 1553
What are the prime factors of 2100373848?
2, 3, 19, 511787
List the prime factors of 2882996167.
2882996167
What are the prime factors of 41720785?
5, 8344157
List the prime factors of 1181741342.
2, 590870671
List the prime factors of 1140175818.
2, 3, 21114367
What are the prime factors of 39713390?
2, 5, 283, 14033
What are the prime factors of 34298479?
1481, 23159
What are the prime factors of 1146921167?
7, 17, 31, 41, 7583
What are the prime factors of 100215562?
2, 41, 47, 26003
What are the prime factors of 59974703?
5563, 10781
List the prime factors of 34681143.
3, 7, 67, 157
What are the prime factors of 52360086?
2, 3, 19, 71, 6469
What are the prime factors of 1261680740?
2, 5, 63084037
What are the prime factors of 830615041?
331, 2509411
List the prime factors of 287338663.
287338663
List the prime factors of 395816474.
2, 17, 19, 612719
What are the prime factors of 1097317011?
3, 7, 52253191
What are the prime factors of 80113882?
2, 2417, 16573
List the prime factors of 48018922.
2, 7, 489989
List the prime factors of 695234067.
3, 11, 21067699
What are the prime factors of 63330965?
5, 383, 33071
List the prime factors of 325638245.
5, 19, 29, 6221
List the prime factors of 699619851.
3, 7, 11105077
What are the prime factors of 5985928269?
3, 89, 830341
What are the prime factors of 72852220?
2, 5, 7, 79, 941
List the prime factors of 443730828.
2, 3, 4931, 7499
What are the prime factors of 921248905?
5, 367, 502043
What are the prime factors of 1734912981?
3, 192768109
List the prime factors of 2221520724.
2, 3, 2861, 21569
What are the prime factors of 108388163?
13, 281, 29671
List the prime factors of 41140929.
3, 37, 281, 1319
What are the prime factors of 41620384?
2, 13, 100049
List the prime factors of 2809025007.
3, 139, 6736271
List the prime factors of 64592458.
2, 7, 4613747
List the prime factors of 49140677.
49140677
What are the prime factors of 233705256?
2, 3, 17, 572807
What are the prime factors of 513208923?
3, 163, 229, 4583
What are the prime factors of 1942418256?
2, 3, 47, 861001
List the prime factors of 90419573.
90419573
What are the prime factors of 1870766225?
5, 181, 413429
What are the prime factors of 454265906?
2, 227132953
What are the prime factors of 1992753282?
2, 3, 13, 47, 617, 881
List the prime factors of 102289147.
102289147
List the prime factors of 19171038.
2, 3, 19, 211, 797
List the prime factors of 7168371.
3, 7, 353, 967
What are the prime factors of 7490268587?
73, 102606419
List the prime factors of 975988673.
11, 43, 79, 26119
What are the prime factors of 798376316?
2, 101, 173, 11423
What are the prime factors of 2636370427?
197, 13382591
What are the prime factors of 583244823?
3, 7, 17, 241, 6779
What are the prime factors of 7472643?
3, 19, 31, 4229
List the prime factors of 774933216.
2, 3, 8072221
List the prime factors of 43010481.
3, 2153, 6659
What are the prime factors of 4641153051?
3, 17, 91003001
What are the prime factors of 301262914?
2, 150631457
List the prime factors of 61237847.
11, 191, 29147
List the prime factors of 158445123.
3, 19, 31, 89669
List the prime factors of 57406748.
2, 7, 2050241
What are the prime factors of 1475839591?
977, 1510583
List the prime factors of 219981581.
17, 1303, 9931
What are the prime factors of 1027607638?
2, 223, 2304053
List the prime factors of 1166606664.
2, 3, 29, 431, 3889
List the prime factors of 215164358.
2, 107582179
List the prime factors of 600130675.
5, 19, 757, 1669
List the prime factors of 1333680548.
2, 97, 3437321
List the prime factors of 80897643.
3, 383, 7823
What are the prime factors of 77888095?
5, 557, 27967
List the prime factors of 211249954.
2, 61, 173, 10009
What are the prime factors of 96911917?
17, 37, 154073
What are the prime factors of 74739032?
2, 29, 277, 1163
List the prime factors of 518106253.
7, 79, 133843
What are the prime factors of 21281335?
5, 4256267
List the prime factors of 1227576392.
2, 7, 17, 647, 1993
